 What is u(-1)?
-4
Let k(g) = -32*g + 36. Let i(t) = 32*t - 27. Let n(a) = 5*i(a) + 4*k(a). Determine n(0).
9
Let z(q) = 12494*q - 1 - 24987*q + 12498*q. Give z(9).
44
Let u(w) be the first derivative of w**4/4 - w**3/3 - 7*w**2/2 - 3*w + 1313. What is u(3)?
-6
Let o(v) = -9*v - 2. Suppose 2*g + 245 = 3*n, 51 = 5*n + 26. Suppose -4*j = 369 + 99. Let b = g - j. What is o(b)?
-20
Let u(r) = -9 - 68450764*r - 18 + 68450760*r. Calculate u(-11).
17
Let h(k) = k - 9. Suppose -16*y + 42*y = 52. Suppose -4*i = 2*t - y*i, 3*t - 4*i - 35 = 0. Calculate h(t).
-4
Let q be (-7 - -2) + 4 - 0. Let o be 10/(-20) - (0 + 18/(-4)). Let h(v) = o*v - 7*v + v. Calculate h(q).
2
Let a(n) be the second derivative of -n**4/12 - n**3/2 - 17*n**2/2 + 2*n - 732. Calculate a(-3).
-17
Let r(i) = 4 - 13 + 6 + 4. Let g(o) = 13*o**2 + 5. Suppose 5*b - 5*a - 5 = -a, 0 = 4*b - 2*a - 4. Let m(y) = b*g(y) - 4*r(y). Give m(-1).
14
Let i(p) be the third derivative of p**5/60 - 19*p**4/24 + 7*p**3 - 2815*p**2. Give i(17).
8
Let f(r) = -1239*r - 10638 + r**2 + 10632 + 1238*r. Let a = 13 + -9. Suppose -j - a*j = 0. Calculate f(j).
-6
Let w = 6444 + -6443. Let p(y) = -64*y**3 - y**2. Give p(w).
-65
Let m(w) = -78 + 35 - 33*w + 7*w**2 + 34. Calculate m(5).
1
Let x(b) be the second derivative of -b**5/60 + 7*b**4/24 + b**3 + 175*b**2/2 - 136*b. Let c(y) be the first derivative of x(y). Give c(7).
6
Suppose 34 = -5*y - 1. Let w(s) be the second derivative of -7/12*s**4 + 0 + 200*s + 1/3*s**3 + 5*s**2 - 1/20*s**5. What is w(y)?
-4
Let p = 10 - 6. Let n(u) = -8221*u + 8227*u + 1 + 0*u**2 - 3*u**2 - 4*u**2. Let a(t) = -6*t**2 + 6*t. Let x(s) = 5*a(s) - 4*n(s). Calculate x(p).
-12
Let u(l) be the third derivative of l**6/120 + l**5/30 - l**4/8 + l**3/3 - 3671*l**2 - l. Suppose -29 = 3*b - 2. Let p = b - -6. Determine u(p).
2
Suppose -3*p = 10*a - 11*a + 23, 4*p + 18 = -5*a. Let x(w) = w**3 + 7*w**2 - 4*w - 14. Determine x(p).
14
Let b(s) = 53*s**3 + 29*s**2 + 19*s + 34. Let g(x) = -74*x**3 - 43*x**2 - 29*x - 51. Let q(u) = -7*b(u) - 5*g(u). Calculate q(13).
4
Let w be (4 - -1) + 1 + 0. Let b(n) = -293 - 2*n - 264 - 292 - 288 - 4*n + 1134. Give b(w).
-39
Let i(m) = m**2 + m. Let j be 18 - 10 - 8 - (-228)/1. Let c = j - 229. Give i(c).
0
Suppose -2 = -10*c + 18. Let f(a) = -3*a + 315*a**3 - 314*a**3 + 5*a**2 - c*a**2 + 5. What is f(-4)?
1
Let x(t) = 8*t**2 + 3*t + 15. Suppose -f - 2*m = -5, -30 = 5*f + 8*m - 9*m. Let z(l) = -3*l**2 - 2*l - 7. Let b(h) = f*z(h) - 2*x(h). Calculate b(6).
-7
Let y(v) be the first derivative of -v**2 + 4*v - 127. Let f(w) = -w**2 - w - 6. Let q be f(0). Give y(q).
16
Let j be ((-10)/(-4))/((-2)/(-16)). Suppose -25*r + 10 = -j*r. Let b(t) = 2*t**3 - 2*t**2 + t + 1. Determine b(r).
11
Let h(g) be the second derivative of 0 + 7/6*g**3 - 66*g - 2*g**2 + 1/20*g**5 - 1/2*g**4. What is h(4)?
-8
Let h(q) = 3*q**3 - 11*q**2 - 24*q - 82. Let x(s) = s**3 - 2*s**2 - 8*s - 27. Let v(j) = -2*h(j) + 7*x(j). Calculate v(-8).
39
Let r(g) = g**2 + g. Let n(k) = -7*k**2 - 14*k - 4. Let o = 54 + -51. Suppose 24*w + o = 21*w. Let m(u) = w*n(u) - 6*r(u). What is m(-5)?
-11
Suppose 0 = -27*v + 145 - 64. Let y(c) = 24*c + 5. Calculate y(v).
77
Let d(m) = m**3 + 22*m**2 + 20*m - 14. Suppose 0 = -37*b + 77*b + 840. Give d(b).
7
Let h(b) = -31*b**3 + 11*b**2 + 59*b - 352. Let n(v) = -5*v**3 + 2*v**2 + 10*v - 58. Let u(r) = -4*h(r) + 25*n(r). What is u(7)?
7
Let d(n) = -5*n + 5. Suppose 348*i - 343*i = 1905. Suppose i = -8*q + 349. Determine d(q).
25
Let f be ((-4)/(-1))/(2/(-2)). Suppose 0 = -19*l + 18*l + 3. Let p(u) = -144*u**2 + l*u + 294*u**2 - 148*u**2. Determine p(f).
20
Let m(i) = -682729*i**2 - i**3 - 15*i + 1365440*i**2 - 5 - 682718*i**2. What is m(-4)?
7
Let m be (-276)/345*30/(-4) - 12. Let r(q) = q**3 + 7*q**2 - q + 13. What is r(m)?
55
Let d(v) = -25*v - 200. Suppose -10*l = 5*h - 8*l + 38, 2*h + 18 = 2*l. Let c be d(h). Let y(b) = -b**3 - b**2 - b + 20. Give y(c).
20
Let g(w) = w**3 + 8*w**2 - 19*w + 4. Suppose 3*l = 3*c + 15, 5*c - 240*l = -239*l - 45. What is g(c)?
-6
Let b be (21/8)/(-7)*-8. Suppose 0 = -u - g - 11, -5*u - b*g = -10*u - 23. Let p(a) = a**3 + 7*a**2 + 5. Give p(u).
5
Let u = 108 - 62. Suppose -4*m + 26 = -2*t, 0 = 5*m + 39*t - 37*t - u. Let i(j) = -j**3 + 8*j**2 + j + 1. Determine i(m).
9
Let z(x) = 8*x + 76. Suppose -1503 = 148*k + 19*k. Give z(k).
4
Let i(f) = 2*f + 23. Let p be i(10). Let w = 51 - p. Let n(d) = -9*d + 10*d - 3 + 3. Give n(w).
8
Suppose -5*m + 3 = 7 - 19. Let z(v) = -v**2 + v - 3. Determine z(m).
-9
Let x(n) be the second derivative of -5*n**3/2 - 8*n**2 - 31*n - 5. Determine x(-4).
44
Let i = 23 + 101. Suppose 0 = -3*u + i + 170. Let p = 100 - u. Let a(g) = -4*g**2 + 2*g - 3. Calculate a(p).
-15
Let m(a) = -8*a - 57. Let j(r) = -264*r - 1327. Let g be j(-5). Calculate m(g).
-1
Let o(s) be the third derivative of s**4/12 + s**3/6 - s**2 + 112*s. Let f(n) = -3*n + 14. Let i(z) = f(z) + 3*o(z). What is i(-7)?
-4
Let u(i) = i**3 + 6*i**2 + i + 6. Suppose 5*s = 3*s - 5*t - 7, 3*t = 5*s + 33. Let p be u(s). Suppose -k + 1 - 6 = p. Let c(l) = -l**2 - 4*l - 6. Give c(k).
-11
Let x be (-2)/(-6) - 39/9. Let r be 180 + -1 - (5 + (2 - 5)). Let l(y) = 357 - r - y - 186. What is l(x)?
-2
Let c(g) = g**3 - 4*g**2 + g + 3. Let r be c(4). Let w(m) = -m + m**3 - 5*m + 7*m + m**2 - r. Give w(0).
-7
Let w(q) = 7*q + 1. Let r be w(1). Let a(u) = u - 617. Let g(v) = -5*v + 3391. Let s(k) = 11*a(k) + 2*g(k). What is s(r)?
3
Let a(v) be the first derivative of v**3/3 - 3*v**2/2 - 21*v - 180. Let l(h) = 2*h. Let k(g) = a(g) - 3*l(g). What is k(11)?
1
Suppose -2*o + 8 = -0*o. Let y(b) be the first derivative of -b**4/12 + 3*b**2/2 - 76*b - 76. Let t(k) be the first derivative of y(k). Calculate t(o).
-13
Let v be 17 + 39/(624/(-160)). Let w(z) = -z - 4. Calculate w(v).
-11
Let m = 10 + -7. Let k(r) be the first derivative of -r**4/4 + 2*r**3/3 + r**2/2 - 48. Determine k(m).
-6
Let k(o) = 3*o. Let c(u) = 6*u + 14. Let q be (-24)/84 - 450/(-7). Let t = 61 - q. Let i be c(t). What is k(i)?
-12
Suppose -21 - 3 = -12*h. Let i(y) = 10 + 28*y**2 - 10*y + 28*y**2 - 55*y**h. Calculate i(7).
-11
Let b(r) be the second derivative of -r**4/12 + 5*r**2/2 + 1396*r. What is b(-3)?
-4
Let q(v) be the third derivative of 0*v + 0 + 72*v**2 - 1/3*v**3 - 1/12*v**4. What is q(5)?
-12
Let j(v) = 88*v**3 - 16*v**2 + 8*v - 8. Let p(h) = 9*h**3 - 2*h**2 + h - 1. Let z(k) = j(k) - 8*p(k). What is z(1)?
16
Let l(w) = 3*w + 11*w**2 - 8 - 18*w**2 - 22*w**2 + 28*w**2. Give l(0).
-8
Let o = -3330 - -3326. Let z(l) = 3*l - 3. Let v(u) = -2. Let d(s) = -6*v(s) + 2*z(s). What is d(o)?
-18
Let d = -114 + 116. Let n = -6 - -8. Let j(c) = c**3 + 7 + d*c**2 + 1 + c**n + 3*c**2. Give j(-6).
8
Let o(w) = -w**3 - 4*w**2 - 5*w - 2. Suppose 3*g = 7*g + 5*l + 1, -3*g = 2*l + 6. Give o(g).
18
Let k(z) = 173*z**2 + 2*z**3 - 4 + 184*z**2 - 589*z**2 + 33*z - 10*z + 185*z**2. Calculate k(23).
-4
Let n(k) = 2*k**2 - 3*k - 5. Let h(b) = 2*b**2 + 3*b - 2. Let y be h(1). Let c be n(y). Let p(a) = a - a**2 - c*a + 2*a**2 - 2*a. Calculate p(5).
0
Let u(z) be the third derivative of z**4/4 + z**3/6 + 2*z**2. Suppose -5*f = 34 - 19, 10*n + 1 = 3*f. Calculate u(n).
-5
Let c(q) be the first derivative of -q**3/3 - q**2/2 - 2*q + 127. Let r(x) = 4*x**2 - 7*x + 6. Let f(s) = -3*c(s) - r(s). Calculate f(10).
0
Let u be (1 - 1) + 2/2. Let c be 5 + 1010392/(-24)*-3. Let h(l) = -c*l + 17*l**3 + 0*l**2 + l**2 + 1 + 126303*l. Determine h(u).
18
Let d(w) = 9*w - 79. Let j be ((-27)/(-2)*(224/(-14) + 14))/(-3). What is d(j)?
2
Let r be 2373/14*(3 + 21/(-9)). Let m(x) = -114*x**2 - 8*x - 5 + r*x**2 + 1. Let z = -3 - 3. Give m(z).
8
Let s(u) = -4*u. Let q(h) = 12*h - 5. Let x(f) = q(f) + 2*s(f). Let c be 5/25 - 48/(-10). Calculate x(c).
15
Let r(u) = u**2 - u. Let v(g) = -4*g**2 + 2*g - 2. Let k(y) = -3*r(y) - v(y). Let w = 194 - 184. Suppose w*b + 30 = -0*b. Determine k(b).
8
Let j = -187 + 194. Let w(r) = 9*r**2 + 30*r + 20. Let h(f) = -5*f**2 - 16*f - 10. Let u(v) = j*h(v) + 4*w(v). Let y = -16 - -9. Calculate u(y).
3
Suppose 4*o = 2*a - 770, -a + 4*o + 388 = -o. Let m(k) = 192 + 193 - a + k. Let v(q) = q + 4. Let c be v(-11). Give m(c).
-5
Suppose -4*g + 22 + 2 = 4*z, -3*g + 6 = -z. Let w(q) = 3*q**g + 8*q + 8 - 497*q**2 + 49